{"id":70,"date":"2017-09-07T12:06:16","date_gmt":"2017-09-07T10:06:16","guid":{"rendered":"https:\/\/demo.themefreesia.com\/idyllic-plus\/?page_id=70"},"modified":"2018-01-12T16:45:26","modified_gmt":"2018-01-12T15:45:26","slug":"mon-savoir-faire","status":"publish","type":"page","link":"https:\/\/les-escapades-de-marie.com\/index.php\/mon-savoir-faire\/","title":{"rendered":"Mon savoir-faire"},"content":{"rendered":"<h2 class=\"p1\"><span class=\"s1\">Cr\u00e9er de la confiance<\/span><\/h2>\n<p class=\"p1\"><span class=\"s1\">Aiguis\u00e9e par le d\u00e9sir\u00a0\u00ab\u00a0\u00a0d\u2019aller voir ailleurs\u00a0\u00bb pour essayer de comprendre l\u2019histoire et le monde qui nous entoure, anim\u00e9e par le go\u00fbt de le partager avec les autres, je construis mes voyages pour r\u00e9pondre aux attentes de chacun des participants et \u00e9ventuellement les rencontrer pour comprendre leurs envies.<\/span><\/p>\n<h2 class=\"p1\"><span class=\"s1\">Favoriser la rencontre<\/span><\/h2>\n<p class=\"p1\"><span class=\"s1\">La curiosit\u00e9 incite au voyage, le voyage incite au partage. Ceux qui ont d\u00e9j\u00e0 appr\u00e9ci\u00e9 les \u00ab\u00a0escapades de Marie\u00a0\u00bb<span class=\"Apple-converted-space\">\u00a0 <\/span>savent ce qui les rassemble\u00a0: l\u2019harmonie d\u2019un petit groupe (une quinzaine de personnes pour l\u2019Europe, une vingtaine pour les destinations plus lointaines), une pr\u00e9paration rigoureuse sur le terrain, la coh\u00e9rence des visites en fonction de la th\u00e9matique choisie\u00a0; des voyages accompagn\u00e9s \u00e0 la demande pour garantir la logistique, veiller \u00e0 l\u2019harmonie du groupe et assurer le lien qualitatif entre les participants et les h\u00f4tes&#8230;<\/span><\/p>\n<h2 class=\"p1\"><span class=\"s1\">R\u00e9veiller l\u2019histoire<\/span><\/h2>\n<p class=\"p1\"><span class=\"s1\">Pour chaque s\u00e9jour, des guides comp\u00e9tents sont choisis, passeurs d\u2019histoire et amoureux de leur pays ou historiens et historiens de l\u2019art. Un livret de voyage sp\u00e9cialement con\u00e7u est adress\u00e9 \u00e0 chacun pour l\u2019aider \u00e0 s\u2019impr\u00e9gner de la culture et commencer le voyage avant de partir<\/span><\/p>\n","protected":false},"excerpt":{"rendered":"<p>Cr\u00e9er de la confiance Aiguis\u00e9e par le d\u00e9sir\u00a0\u00ab\u00a0\u00a0d\u2019aller voir ailleurs\u00a0\u00bb pour essayer de comprendre l\u2019histoire et le monde qui nous entoure, anim\u00e9e par le go\u00fbt de le partager avec les autres, je construis mes voyages pour r\u00e9pondre aux attentes de chacun des participants et \u00e9ventuellement les rencontrer pour comprendre leurs&hellip; <\/p>\n","protected":false},"author":1,"featured_media":634,"parent":0,"menu_order":0,"comment_status":"closed","ping_status":"closed","template":"","meta":{"footnotes":""},"class_list":["post-70","page","type-page","status-publish","has-post-thumbnail","hentry"],"yoast_head":"<!-- This site is optimized with the Yoast SEO plugin v26.6 - https:\/\/yoast.com\/wordpress\/plugins\/seo\/ -->\n<title>Mon savoir-faire - Les escapades de Marie<\/title>\n<meta name=\"robots\" content=\"index, follow, max-snippet:-1, max-image-preview:large, max-video-preview:-1\" \/>\n<link rel=\"canonical\" href=\"https:\/\/les-escapades-de-marie.com\/index.php\/mon-savoir-faire\/\" \/>\n<meta property=\"og:locale\" content=\"fr_FR\" \/>\n<meta property=\"og:type\" content=\"article\" \/>\n<meta property=\"og:title\" content=\"Mon savoir-faire - Les escapades de Marie\" \/>\n<meta property=\"og:description\" content=\"Cr\u00e9er de la confiance Aiguis\u00e9e par le d\u00e9sir\u00a0\u00ab\u00a0\u00a0d\u2019aller voir ailleurs\u00a0\u00bb pour essayer de comprendre l\u2019histoire et le monde qui nous entoure, anim\u00e9e par le go\u00fbt de le partager avec les autres, je construis mes voyages pour r\u00e9pondre aux attentes de chacun des participants et \u00e9ventuellement les rencontrer pour comprendre leurs&hellip;\" \/>\n<meta property=\"og:url\" content=\"https:\/\/les-escapades-de-marie.com\/index.php\/mon-savoir-faire\/\" \/>\n<meta property=\"og:site_name\" content=\"Les escapades de Marie\" \/>\n<meta property=\"article:modified_time\" content=\"2018-01-12T15:45:26+00:00\" \/>\n<meta property=\"og:image\" content=\"https:\/\/les-escapades-de-marie.com\/wp-content\/uploads\/2017\/09\/photo-genes-italie-voyages-marie-vibert-08.jpg\" \/>\n\t<meta property=\"og:image:width\" content=\"1000\" \/>\n\t<meta property=\"og:image:height\" content=\"641\" \/>\n\t<meta property=\"og:image:type\" content=\"image\/jpeg\" \/>\n<meta name=\"twitter:card\" content=\"summary_large_image\" \/>\n<meta name=\"twitter:label1\" content=\"Dur\u00e9e de lecture estim\u00e9e\" \/>\n\t<meta name=\"twitter:data1\" content=\"1 minute\" \/>\n<script type=\"application\/ld+json\" class=\"yoast-schema-graph\">{\"@context\":\"https:\/\/schema.org\",\"@graph\":[{\"@type\":\"WebPage\",\"@id\":\"https:\/\/les-escapades-de-marie.com\/index.php\/mon-savoir-faire\/\",\"url\":\"https:\/\/les-escapades-de-marie.com\/index.php\/mon-savoir-faire\/\",\"name\":\"Mon savoir-faire - Les escapades de Marie\",\"isPartOf\":{\"@id\":\"https:\/\/les-escapades-de-marie.com\/#website\"},\"primaryImageOfPage\":{\"@id\":\"https:\/\/les-escapades-de-marie.com\/index.php\/mon-savoir-faire\/#primaryimage\"},\"image\":{\"@id\":\"https:\/\/les-escapades-de-marie.com\/index.php\/mon-savoir-faire\/#primaryimage\"},\"thumbnailUrl\":\"https:\/\/les-escapades-de-marie.com\/wp-content\/uploads\/2017\/09\/photo-genes-italie-voyages-marie-vibert-08.jpg\",\"datePublished\":\"2017-09-07T10:06:16+00:00\",\"dateModified\":\"2018-01-12T15:45:26+00:00\",\"breadcrumb\":{\"@id\":\"https:\/\/les-escapades-de-marie.com\/index.php\/mon-savoir-faire\/#breadcrumb\"},\"inLanguage\":\"fr-FR\",\"potentialAction\":[{\"@type\":\"ReadAction\",\"target\":[\"https:\/\/les-escapades-de-marie.com\/index.php\/mon-savoir-faire\/\"]}]},{\"@type\":\"ImageObject\",\"inLanguage\":\"fr-FR\",\"@id\":\"https:\/\/les-escapades-de-marie.com\/index.php\/mon-savoir-faire\/#primaryimage\",\"url\":\"https:\/\/les-escapades-de-marie.com\/wp-content\/uploads\/2017\/09\/photo-genes-italie-voyages-marie-vibert-08.jpg\",\"contentUrl\":\"https:\/\/les-escapades-de-marie.com\/wp-content\/uploads\/2017\/09\/photo-genes-italie-voyages-marie-vibert-08.jpg\",\"width\":1000,\"height\":641},{\"@type\":\"BreadcrumbList\",\"@id\":\"https:\/\/les-escapades-de-marie.com\/index.php\/mon-savoir-faire\/#breadcrumb\",\"itemListElement\":[{\"@type\":\"ListItem\",\"position\":1,\"name\":\"Accueil\",\"item\":\"https:\/\/les-escapades-de-marie.com\/\"},{\"@type\":\"ListItem\",\"position\":2,\"name\":\"Mon savoir-faire\"}]},{\"@type\":\"WebSite\",\"@id\":\"https:\/\/les-escapades-de-marie.com\/#website\",\"url\":\"https:\/\/les-escapades-de-marie.com\/\",\"name\":\"Les escapades de Marie\",\"description\":\"Conna\u00eetre, comprendre, partager.\",\"publisher\":{\"@id\":\"https:\/\/les-escapades-de-marie.com\/#organization\"},\"potentialAction\":[{\"@type\":\"SearchAction\",\"target\":{\"@type\":\"EntryPoint\",\"urlTemplate\":\"https:\/\/les-escapades-de-marie.com\/?s={search_term_string}\"},\"query-input\":{\"@type\":\"PropertyValueSpecification\",\"valueRequired\":true,\"valueName\":\"search_term_string\"}}],\"inLanguage\":\"fr-FR\"},{\"@type\":\"Organization\",\"@id\":\"https:\/\/les-escapades-de-marie.com\/#organization\",\"name\":\"Les escapades de Marie\",\"url\":\"https:\/\/les-escapades-de-marie.com\/\",\"logo\":{\"@type\":\"ImageObject\",\"inLanguage\":\"fr-FR\",\"@id\":\"https:\/\/les-escapades-de-marie.com\/#\/schema\/logo\/image\/\",\"url\":\"https:\/\/les-escapades-de-marie.com\/wp-content\/uploads\/2018\/01\/les-escapades-de-marie-logo-500px-bord-blanc.png\",\"contentUrl\":\"https:\/\/les-escapades-de-marie.com\/wp-content\/uploads\/2018\/01\/les-escapades-de-marie-logo-500px-bord-blanc.png\",\"width\":530,\"height\":230,\"caption\":\"Les escapades de Marie\"},\"image\":{\"@id\":\"https:\/\/les-escapades-de-marie.com\/#\/schema\/logo\/image\/\"}}]}<\/script>\n<!-- \/ Yoast SEO plugin. -->","yoast_head_json":{"title":"Mon savoir-faire - Les escapades de Marie","robots":{"index":"index","follow":"follow","max-snippet":"max-snippet:-1","max-image-preview":"max-image-preview:large","max-video-preview":"max-video-preview:-1"},"canonical":"https:\/\/les-escapades-de-marie.com\/index.php\/mon-savoir-faire\/","og_locale":"fr_FR","og_type":"article","og_title":"Mon savoir-faire - Les escapades de Marie","og_description":"Cr\u00e9er de la confiance Aiguis\u00e9e par le d\u00e9sir\u00a0\u00ab\u00a0\u00a0d\u2019aller voir ailleurs\u00a0\u00bb pour essayer de comprendre l\u2019histoire et le monde qui nous entoure, anim\u00e9e par le go\u00fbt de le partager avec les autres, je construis mes voyages pour r\u00e9pondre aux attentes de chacun des participants et \u00e9ventuellement les rencontrer pour comprendre leurs&hellip;","og_url":"https:\/\/les-escapades-de-marie.com\/index.php\/mon-savoir-faire\/","og_site_name":"Les escapades de Marie","article_modified_time":"2018-01-12T15:45:26+00:00","og_image":[{"width":1000,"height":641,"url":"https:\/\/les-escapades-de-marie.com\/wp-content\/uploads\/2017\/09\/photo-genes-italie-voyages-marie-vibert-08.jpg","type":"image\/jpeg"}],"twitter_card":"summary_large_image","twitter_misc":{"Dur\u00e9e de lecture estim\u00e9e":"1 minute"},"schema":{"@context":"https:\/\/schema.org","@graph":[{"@type":"WebPage","@id":"https:\/\/les-escapades-de-marie.com\/index.php\/mon-savoir-faire\/","url":"https:\/\/les-escapades-de-marie.com\/index.php\/mon-savoir-faire\/","name":"Mon savoir-faire - Les escapades de Marie","isPartOf":{"@id":"https:\/\/les-escapades-de-marie.com\/#website"},"primaryImageOfPage":{"@id":"https:\/\/les-escapades-de-marie.com\/index.php\/mon-savoir-faire\/#primaryimage"},"image":{"@id":"https:\/\/les-escapades-de-marie.com\/index.php\/mon-savoir-faire\/#primaryimage"},"thumbnailUrl":"https:\/\/les-escapades-de-marie.com\/wp-content\/uploads\/2017\/09\/photo-genes-italie-voyages-marie-vibert-08.jpg","datePublished":"2017-09-07T10:06:16+00:00","dateModified":"2018-01-12T15:45:26+00:00","breadcrumb":{"@id":"https:\/\/les-escapades-de-marie.com\/index.php\/mon-savoir-faire\/#breadcrumb"},"inLanguage":"fr-FR","potentialAction":[{"@type":"ReadAction","target":["https:\/\/les-escapades-de-marie.com\/index.php\/mon-savoir-faire\/"]}]},{"@type":"ImageObject","inLanguage":"fr-FR","@id":"https:\/\/les-escapades-de-marie.com\/index.php\/mon-savoir-faire\/#primaryimage","url":"https:\/\/les-escapades-de-marie.com\/wp-content\/uploads\/2017\/09\/photo-genes-italie-voyages-marie-vibert-08.jpg","contentUrl":"https:\/\/les-escapades-de-marie.com\/wp-content\/uploads\/2017\/09\/photo-genes-italie-voyages-marie-vibert-08.jpg","width":1000,"height":641},{"@type":"BreadcrumbList","@id":"https:\/\/les-escapades-de-marie.com\/index.php\/mon-savoir-faire\/#breadcrumb","itemListElement":[{"@type":"ListItem","position":1,"name":"Accueil","item":"https:\/\/les-escapades-de-marie.com\/"},{"@type":"ListItem","position":2,"name":"Mon savoir-faire"}]},{"@type":"WebSite","@id":"https:\/\/les-escapades-de-marie.com\/#website","url":"https:\/\/les-escapades-de-marie.com\/","name":"Les escapades de Marie","description":"Conna\u00eetre, comprendre, partager.","publisher":{"@id":"https:\/\/les-escapades-de-marie.com\/#organization"},"potentialAction":[{"@type":"SearchAction","target":{"@type":"EntryPoint","urlTemplate":"https:\/\/les-escapades-de-marie.com\/?s={search_term_string}"},"query-input":{"@type":"PropertyValueSpecification","valueRequired":true,"valueName":"search_term_string"}}],"inLanguage":"fr-FR"},{"@type":"Organization","@id":"https:\/\/les-escapades-de-marie.com\/#organization","name":"Les escapades de Marie","url":"https:\/\/les-escapades-de-marie.com\/","logo":{"@type":"ImageObject","inLanguage":"fr-FR","@id":"https:\/\/les-escapades-de-marie.com\/#\/schema\/logo\/image\/","url":"https:\/\/les-escapades-de-marie.com\/wp-content\/uploads\/2018\/01\/les-escapades-de-marie-logo-500px-bord-blanc.png","contentUrl":"https:\/\/les-escapades-de-marie.com\/wp-content\/uploads\/2018\/01\/les-escapades-de-marie-logo-500px-bord-blanc.png","width":530,"height":230,"caption":"Les escapades de Marie"},"image":{"@id":"https:\/\/les-escapades-de-marie.com\/#\/schema\/logo\/image\/"}}]}},"_links":{"self":[{"href":"https:\/\/les-escapades-de-marie.com\/index.php\/wp-json\/wp\/v2\/pages\/70","targetHints":{"allow":["GET"]}}],"collection":[{"href":"https:\/\/les-escapades-de-marie.com\/index.php\/wp-json\/wp\/v2\/pages"}],"about":[{"href":"https:\/\/les-escapades-de-marie.com\/index.php\/wp-json\/wp\/v2\/types\/page"}],"author":[{"embeddable":true,"href":"https:\/\/les-escapades-de-marie.com\/index.php\/wp-json\/wp\/v2\/users\/1"}],"replies":[{"embeddable":true,"href":"https:\/\/les-escapades-de-marie.com\/index.php\/wp-json\/wp\/v2\/comments?post=70"}],"version-history":[{"count":0,"href":"https:\/\/les-escapades-de-marie.com\/index.php\/wp-json\/wp\/v2\/pages\/70\/revisions"}],"wp:featuredmedia":[{"embeddable":true,"href":"https:\/\/les-escapades-de-marie.com\/index.php\/wp-json\/wp\/v2\/media\/634"}],"wp:attachment":[{"href":"https:\/\/les-escapades-de-marie.com\/index.php\/wp-json\/wp\/v2\/media?parent=70"}],"curies":[{"name":"wp","href":"https:\/\/api.w.org\/{rel}","templated":true}]}}